 -4*f - 2. Suppose -k*o + 2 = -o. Suppose -5*t + o*t = -9. What is the units digit of t?
3
Let c(p) = -p**3 - 8*p**2 + 5. Let t be -1 - (66/(-3) - 0). Let g = t + -29. What is the units digit of c(g)?
5
Let g(b) be the first derivative of -b**3/3 - 6*b**2 + 4*b + 4. What is the units digit of g(-11)?
5
Let l(j) = 5 - 3 - 2*j + 5 + 1. Let p be l(6). What is the units digit of 1/(-2) - 22/p?
5
What is the tens digit of (5*(-5)/(-50))/((-1)/(-186))?
9
Let b = -4 + 0. What is the tens digit of 10 - 0/(1 + b)?
1
Let d = 14 - 8. Suppose -4*h = -c - 47, d = -3*h - 3*c + 30. What is the units digit of h?
1
Suppose 0 = 2*i - 4*f - 12, -5*i - 14 = f. Let o be 4*(-1)/(4/(-5)). Let t = o + i. What is the units digit of t?
3
What is the units digit of ((-4)/(-3))/(4/84)?
8
Suppose -3 + 4 = k, 161 = 5*h - 4*k. Suppose -6*t - 3*t - 189 = 0. Let c = h + t. What is the tens digit of c?
1
What is the tens digit of 26 - -1 - (1 + 3)?
2
Let q(p) = p**2 - p + 4. Let u be q(6). Suppose -u = -v + 4. What is the tens digit of v?
3
Suppose -v + 87 = -65. What is the units digit of v?
2
Suppose -z + 4*z + 3 = 0. What is the units digit of (z - 5)*(-40)/15?
6
Let c(s) be the second derivative of -s**4/12 - 5*s**3/6 - s**2 + 2*s. Let f be c(-2). Let g = f + -3. What is the units digit of g?
1
Let q = -69 - -97. What is the tens digit of q?
2
What is the hundreds digit of (0 - ((-52)/(-12) + -4))*-411?
1
Suppose 0*z + 2*z + 142 = w, 0 = -4*w - 2*z + 618. What is the hundreds digit of w?
1
Suppose -2*w + 368 = 2*w. Suppose 4*j - w = -4*o, 0*j - 2*j = 5*o - 118. What is the tens digit of o?
2
What is the tens digit of (3906/66)/1 + (-2)/11?
5
Suppose -18 = -5*v + 12. What is the units digit of v?
6
Let m(k) = 144*k**3 - 2*k + 2. Let b be m(1). Suppose 9*p - 3*p - b = 0. What is the tens digit of p?
2
Let y(d) = d**2 + 5*d + 5. Let x(g) = g**3 + 5*g**2 + 5. Let c be x(-5). Let i be y(c). Suppose 4*b - i = 25. What is the tens digit of b?
2
Let c(p) be the first derivative of p**4/4 - 11*p**3/3 + p**2/2 + 9*p + 6. What is the units digit of c(11)?
0
Let z = -52 - -98. What is the tens digit of z?
4
Let c(h) = 4*h + 1. Let d be c(-3). Let b be (-2)/d - (-26)/(-22). What is the units digit of 1 + -2 - (-4 - b)?
2
What is the hundreds digit of 68/(-12)*7/((-28)/144)?
2
Let c(f) = -f - 1. Let s(o) = -o - 2. Let l be s(0). Let x be l/(-1) - 3*3. What is the units digit of c(x)?
6
Let h = -13 + 22. What is the units digit of h?
9
What is the units digit of (-1012)/(-16) + (-3)/12?
3
Suppose -4*l = -225 - 167. Let y = -69 + l. What is the units digit of y?
9
What is the hundreds digit of (2/3)/(7/2058) + 1?
1
Let k = -10 - -6. Let t = k - -5. What is the units digit of t?
1
Let m(a) = -5*a - 14. What is the tens digit of m(-6)?
1
What is the tens digit of 8/(-2) + (224/7 - 2)?
2
Suppose -11 = 4*r - 171. What is the tens digit of r?
4
Let v = -9 - -11. What is the units digit of v?
2
Let h(y) = y**3 + 11*y**2 - 15*y + 17. What is the units digit of h(-12)?
3
Let k(h) = h**3 + 9*h**2 + 11*h + 9. What is the units digit of k(-7)?
0
Let z = 7 + -7. Let s(l) = l + 11. What is the tens digit of s(z)?
1
Suppose 5*k = 3*w + 59, -5*w - 4*k - 49 = -0*k. Let j = w - 2. What is the units digit of j/(-12) + (-3)/12?
1
Let d be (3/2)/((-3)/6). Let b = 11 - 13. What is the units digit of d/6 - 31/b?
5
Let h = 7 - -8. What is the units digit of h?
5
Let j(n) = -6*n - 23. What is the tens digit of j(-13)?
5
Suppose 4*t = -10*t + 224. What is the units digit of t?
6
Suppose 5*p = -5*s - 40, 2*s - 5 = 3*s. What is the tens digit of 8 - (p - (1 - 1))?
1
What is the units digit of (-32)/(-12)*75 + 3?
3
Let d = 6 - 2. Let t(m) = -m**2 + 3*m. Let l be t(d). What is the units digit of l/(-6) + (-13)/(-3)?
5
Suppose -4 = -0*u - 4*u. Let p = 26 + u. What is the units digit of p?
7
Let x = -4 + 30. Suppose 0 = -5*t + 6*t - x. What is the tens digit of t?
2
Suppose 5 = 5*p, n + 5*p = 2*n - 46. What is the tens digit of n?
5
Let i(o) = -9*o + 5. Let l(v) = -14*v + 8. Let a(j) = 8*i(j) - 5*l(j). What is the tens digit of a(-5)?
1
Let z(q) = 3*q**2 - 3*q. Let y be z(2). Suppose -h - 8 = -6*h + a, 3*h - y = a. What is the units digit of h?
1
Let f(i) = i - 2. Let p be f(4). Let l be p/1 - (-2 + 2). Suppose -4 = -2*o + x, 0*x = -3*o - l*x + 13. What is the units digit of o?
3
Let h = 500 + -282. What is the tens digit of h?
1
Suppose -15 = -3*z + 57. What is the tens digit of z?
2
Suppose 5*h + 4*j + 8 = 0, -h + 0*h - 4 = 2*j. Suppose -3*x - 5*r + 1 + 3 = h, 4*x - 15 = 3*r. Suppose -4 = -p - x. What is the units digit of p?
1
Let q(m) = -4*m**3 + 6*m**2 - 8*m - 7. Let x(h) = -h**2 + h + 1. Let o(d) = q(d) + 6*x(d). Suppose 3*s + 2*s + 5 = 0. What is the units digit of o(s)?
5
Let s = -211 - -306. What is the units digit of s?
5
Suppose -2*y + 10 = -4*m, -y = 3*y + 3*m + 13. What is the units digit of (4 + y)/((-7)/(-14))?
6
Let u = 33 - 20. Let f = 4 + u. What is the tens digit of f?
1
Let p(m) = 2*m + 3. Let v be p(6). Let w = -34 + v. Let c = 32 + w. What is the units digit of c?
3
Let w = -17 - -36. What is the tens digit of w?
1
Let y = 154 + -132. What is the units digit of y?
2
Let r(t) = t**3 + 4*t**2 + 3*t + 3. Let m(h) = -h**3 - 9*h**2 + 10*h - 2. Let i be m(-10). Let l = i - 0. What is the units digit of r(l)?
5
Suppose -5*n = 3*b - 50 - 17, 0 = 3*b - 4*n - 103. Suppose 2*w - 5*z = b, w + 4*z = 5*w - 52. What is the units digit of w?
2
Let y(h) = h + 5. Suppose 108 = 3*g + 2*g - 2*v, g = -5*v. Suppose -5*w - 5*n + g = 0, 5*w - 5*n + 20 = 4*w. What is the units digit of y(w)?
5
Let h(r) = 7*r + 14. Let v(b) = 3*b + 7. Let o(w) = -2*h(w) + 5*v(w). What is the tens digit of o(5)?
1
Suppose -152*n + 156*n - 364 = 0. What is the units digit of n?
1
Suppose 9 + 7 = -5*v - 2*x, 2*x = 3*v + 16. Let p = v - -12. Suppose 0*l + p = l. What is the units digit of l?
8
Suppose -d - c + 2*c + 318 = 0, -5*d = -3*c - 1586. What is the hundreds digit of d?
3
Let h = 208 + -54. What is the hundreds digit of h?
1
Let c(d) = -164*d + 5. Let i(o) = 33*o - 1. Let q(l) = 2*c(l) + 11*i(l). Let h be q(1). Suppose h = 5*x - 66. What is the tens digit of x?
2
Let d(u) = -151*u**3 + 2*u**2 + u. What is the units digit of d(-1)?
2
Let q(o) = o**3 + 6*o**2 + 3. Let v(s) = s**2 + s. Let w be v(2). Suppose 3*k = 2*k - w. What is the units digit of q(k)?
3
Suppose -3*u - 151 = h, -379 + 128 = 5*u + 2*h. Let j = u - -26. What is the units digit of ((-15)/j)/(1/15)?
9
Let a(x) = 3*x - 9. Let n be a(9). Suppose -n - 4 = -2*z. What is the tens digit of z?
1
Let d = -99 + 175. What is the tens digit of d?
7
Let h(d) = 27*d + 1. What is the tens digit of h(1)?
2
Let r(f) = -24*f**3 + 2*f**2 + 7*f + 5. What is the hundreds digit of r(-2)?
1
Suppose -38 = -n + 2*z, -n - z + 5*z = -42. What is the tens digit of n?
3
Let u(w) = 5*w - 4. Let f be (14/8)/((-4)/(-16)). Let a = f - 4. What is the tens digit of u(a)?
1
Let t be (-1 - 4)*98/35. Let x be -2 - t/(2 - 1). Let w = 25 - x. What is the tens digit of w?
1
Let g(z) be the first derivative of -z**4/4 - 4*z**3/3 - 2*z**2 - 2*z + 2. What is the tens digit of g(-4)?
1
Let p(y) = -16*y + 21. What is the tens digit of p(-4)?
8
Suppose 12*k = 17*k - 285. What is the tens digit of k?
5
Suppose f = -f - 2*u + 96, 2*f - 4*u = 90. What is the tens digit of f?
4
Let d = 9 - 6. Suppose -2*j - d = -7. What is the tens digit of 32/j - (2 + -1)?
1
Let q = -11 - -13. What is the units digit of q?
2
Suppose -3*l + s - 295 + 1420 = 0, -2*l - 5*s = -750. What is the units digit of l?
5
Let f(m) = 11*m - 33. What is the units digit of f(6)?
3
Suppose 5*r + 3*z - 36 = 0, 4*r - 3*z + 7*z - 24 = 0. What is the units digit of r?
9
Let k(t) = t**3 + 3*t**2 + 2*t - 1. Let h be k(-2). Let j be h/(2 - (-15)/(-6)). Suppose j*v + 3 - 9 = 0. What is the units digit of v?
3
Let q be -5*(3 - (-19)/(-5)). Suppose -q*i + 2 = -30. What is the units digit of i?
8
What is the tens digit of -1 + 6/((-9)/(-3)) - -314?
1
Let g(z) = -z**2 - 7*z - 5. Let y be (-6)/24 + 18/8. Suppose 0 = -y*a + 3*k - 27, -3*k = -a - 2*k - 11. What is the units digit of g(a)?
1
Suppose k + 4*t = -k + 80, 0 = 5*t - 25. Let x be (-6)/(-12) + k/4. Let n(l) = l**3 - 7*l**2 - 9*l + 11. What is the units digit of n(x)?
3
Let c(u) be the third derivative of u